 5*j. Let u = j - 11. What is the units digit of u?
8
Let x = 48 + -183. Let b = x + 266. What is the tens digit of b?
3
Let n(w) = 85*w + 4. Let f be n(-1). Let r = -68 - f. What is the units digit of r?
3
Let b(q) = 4*q + 9. Let h be b(-5). Let c = 4 - h. Suppose 3 = 3*a + 3*l, 5*a - 3*l - c = -2. What is the units digit of a?
2
Let p(n) = -11*n**2 - 569*n - 19. What is the units digit of p(-50)?
1
Let a be (186/12)/(1/2) + -3. Suppose -a*c + 300 = -25*c. What is the tens digit of c?
0
What is the units digit of (358/(-2))/(2 + 3/(-1))?
9
Let x be 83/(-4)*((3 - 3) + -4). Let t = -15 + x. What is the units digit of t?
8
Suppose 4*b + 582 = 3*b. Let p = -238 - b. What is the tens digit of p?
4
Let i = 531 + -303. Let z = i + -79. What is the tens digit of z?
4
Let a = -1769 + 3795. What is the tens digit of a?
2
What is the units digit of (-66311)/(-21) - (35/(-15) - -2)?
8
Suppose 64 - 15 = -l. Let t = l - -75. Suppose 2*g - t - 4 = 0. What is the tens digit of g?
1
Let f = -81 + 49. Let q be 3/2*(9 - 71). Let u = f - q. What is the units digit of u?
1
Suppose -3*v = -6*v + 63. Let c = -3 - v. Let u = c - -39. What is the tens digit of u?
1
Let z(q) = 8*q - 1. Let k be (14/21)/(1/21). Suppose 15 = 3*o - 5*x - k, 5*o - 44 = 4*x. What is the tens digit of z(o)?
6
What is the hundreds digit of -226*(-2 - (5 + -6))?
2
Let r(i) = 2*i - 11. Let z be r(-6). Let a = -5 - z. Suppose -a = -h - h. What is the units digit of h?
9
Let c be 2 - (0/(-2) + 0). Let u(d) = -3*d + 10. Let b be u(-8). Suppose -a - c*a = -r + b, 0 = -2*r + 2*a + 52. What is the tens digit of r?
2
Let n(q) = 40*q + 5. Let v(d) = -13*d - 2. Let k(p) = 2*n(p) + 7*v(p). What is the tens digit of k(-6)?
6
Let w(l) = 10*l**2 - 5. What is the units digit of w(2)?
5
Let f(d) = d**3 - 2*d**2 - 3*d + 4. Let y be f(3). Suppose m + 4*i = 46, -2*m - y*i = 3*m - 262. What is the units digit of m?
4
Let y = -1380 - -1991. What is the hundreds digit of y?
6
Let j = 413 - 195. Suppose 2*a = -3*w + j, a - 3*a - 70 = -w. Suppose 5*c - c = w. What is the tens digit of c?
1
Let m(b) = 15*b**3 - 3*b**2 - b - 6. What is the tens digit of m(3)?
6
Suppose 5*a + 4*t = -43 - 103, -2*a - t - 59 = 0. What is the units digit of (-4)/10 + (-1572)/a?
2
Suppose 32*q = 51*q - 40299. What is the hundreds digit of q?
1
Let u(d) = 2*d**3 + 3*d**2 + 3*d + 1. Let o be u(-3). What is the tens digit of (-21)/o - 182/(-5)?
3
Suppose -6 = -6*a + 6. Let x(b) = 8*b**3 - 2*b**2 - 1. What is the units digit of x(a)?
5
Suppose -4*d - 130*t = -134*t - 14656, 3*d - 10993 = 4*t. What is the units digit of d?
3
Let t(i) = i + 3. Suppose 0*v = 3*v. Let q be t(v). Suppose q*j = -8 + 86. What is the tens digit of j?
2
Let a(p) = p + 7. Let c be a(7). Suppose -130 = 9*u - c*u. What is the units digit of u?
6
Let l be 6*-2*(-15)/12. Let u = -11 + l. Suppose -39 = 3*m - u*m. What is the tens digit of m?
3
Let i(q) = 2*q**2 + 30*q + 1. Let v be i(-15). Suppose -x = -3*p + 284, 4 + v = 5*x. What is the tens digit of p?
9
Suppose 0 = 2*o - 5*w + 11, -3*o = -w - w - 11. Suppose p + 4 = 0, t - 2*p + o = 4*t. Suppose 84 = 9*v - t*v. What is the tens digit of v?
2
Suppose k + 7 = 3*c + 2*c, -4*k - 5*c = -22. Let s be 2/(-2 - 87/(-42)). Suppose 2*h - q + 8 = s, -k*h = -5*q - 23. What is the units digit of h?
1
Let h(l) = 189*l + 134. What is the tens digit of h(10)?
2
Suppose 19 = -5*r + 2*o, -2 = r - 2*o + o. What is the units digit of 0 - 5/(r/58)?
8
Let o(g) = -g**2 + 3*g + 3. Let b be o(7). Let t = 217 + -286. Let h = b - t. What is the units digit of h?
4
Suppose -8*j + 16 + 0 = 0. Suppose 2*o + j*q = 152, q - 112 = -3*o + 120. What is the tens digit of o?
7
Suppose -b = 5*j - 14, 4*j = -4*b + 4 + 4. Let x = b - -10. What is the units digit of (-1 + x/1)/1?
8
Let q(l) = 16*l + 4. Let b be q(6). Let c(m) = 3*m - 9. Let z be c(4). Suppose -u = z*u - b. What is the units digit of u?
5
Suppose 2*l - 5*p + 76 = 9, l = p - 26. Let x(r) = -12*r**2 + 2. Let w be x(-2). Let s = l - w. What is the tens digit of s?
2
Let k = 5798 - 2746. What is the tens digit of (10/9)/5 - k/(-36)?
8
Let u(w) = w - w**2 - 4*w + 17*w - 15. Let o(a) = -10*a - 48. Let y be o(-6). What is the units digit of u(y)?
9
Suppose 4*z + 288 = 3*j, j - 2 = 2. Let s = -36 - z. What is the tens digit of s?
3
Suppose -6*j + 755 = -517. What is the hundreds digit of j?
2
Suppose 0 = -2*c - 8, -14 = -5*p + 4*p + 5*c. What is the units digit of (1 + 167)*(-3)/p?
4
Let h(r) = r**2 + r - 26. Let d be h(5). Suppose -d*c + 138 = k, k - 4*k = 5*c - 428. What is the units digit of k?
6
Let p(x) = x**2 - 15*x - 6. Let h be p(11). Let a = 80 + h. What is the units digit of a?
0
Suppose 848 + 160 = 2*k + y, 2*k = y + 1004. What is the hundreds digit of k?
5
Let b = -120 + 120. Suppose -q - 5*a + 291 = 0, -q + 2*q + a - 307 = b. What is the units digit of q?
1
Suppose 3*b - 1059 = 630. What is the hundreds digit of b?
5
Suppose 8 = 5*f + c, 3 = 2*f - 3*c - 7. Suppose 5*r = 2*l - 39 - 74, l - 55 = f*r. What is the units digit of l?
9
What is the tens digit of 83/1*(-12 - -13)?
8
Let h = -136 + 211. Let t = h - 0. What is the tens digit of 3665/t - 2/(-15)?
4
Let t(b) = -1040*b - 131. What is the thousands digit of t(-3)?
2
Let w = 32 - 22. Let r(j) = -j**3 + 10*j**2 + 10*j - 14. What is the units digit of r(w)?
6
Suppose 0 = 3*z - 15, -2*q + 5*q = 4*z - 17. What is the units digit of 38 + 2*q/(-2)?
7
Suppose -13*m - 2727 = -13088. What is the hundreds digit of m?
7
Suppose 3*r = -p + 64, 4*r + r + 260 = 5*p. What is the units digit of p?
5
Let d be 2 + 4/4 + -2. Let f be -3 + 4/2 + d. Suppose f*s = -5*s + 270. What is the tens digit of s?
5
Let x(u) = u**3 - 8*u**2 + 10*u - 5. Let r = -3 + 2. Let w be 14*(3/(-6) - r). What is the units digit of x(w)?
6
Suppose -48 = -5*z + 47. Let b(y) = y**3 - 18*y**2 - 12*y + 13. What is the units digit of b(z)?
6
Let o = 49 + -29. Suppose 0*n + o = 4*n. Suppose w + d = n*w - 24, 0 = 2*w + 2*d - 22. What is the units digit of w?
7
Let w = -992 + 1553. What is the hundreds digit of w?
5
Let a(x) = x**3 - 5*x**2 + 4. Let c be a(5). What is the units digit of ((-12)/15)/(c/(-290))?
8
Suppose 7*k - 21599 = 2908. What is the units digit of k?
1
Suppose -4*s + 17 - 45 = -4*w, -3*w - 4*s - 7 = 0. What is the tens digit of (-2 + -1 - (2 - w)) + 90?
8
What is the hundreds digit of -206*(4 - 15/4)*-26?
3
Let v(f) = 2*f + 31. Let o be v(-13). Suppose -o*u - 2*k + 792 - 157 = 0, 4*k - 270 = -2*u. What is the tens digit of u?
2
Let u = -13 + 13. Suppose u = 2*z + 3*z - 240. Let p = z - 23. What is the tens digit of p?
2
Let v(l) = -124*l - 266. What is the units digit of v(-9)?
0
Suppose -4235 - 15 = 17*f. Let r = 469 + f. What is the tens digit of r?
1
Let k(t) = 3*t + 1. Let p(b) = b. Let n(l) = -k(l) + 2*p(l). Let j be n(-9). Let w = j + 10. What is the units digit of w?
8
Let x(h) = -554*h - 139. What is the hundreds digit of x(-10)?
4
Suppose -19*s + 15 = -18*s. Suppose -7*z = -2*z - s. Let v(a) = 2*a**2 + 3*a - 3. What is the tens digit of v(z)?
2
Let p be ((-5)/((-15)/336))/((-1)/(-3)). Let z = p - 94. What is the units digit of z?
2
Let r = 2788 + -1498. What is the hundreds digit of (-2 + 0)*r/(-20)?
1
Suppose -11*p - 17652 = -23*p. What is the thousands digit of p?
1
Suppose 3*s - s + 15 = -5*i, -3*s - 10 = -5*i. Let p = i - 12. Let d = 36 + p. What is the tens digit of d?
2
Let b(p) = 43*p - 14. Let v be b(7). Let z = v + -159. What is the tens digit of z?
2
Let a(o) = -201*o + 3. Let t be a(-1). Let s = -117 + t. What is the units digit of s?
7
Let n = -286 - -547. What is the units digit of n?
1
Let t(d) = 35*d - 10*d + 87 - 85. Let a be t(-2). What is the units digit of 6/a - (-994)/16?
2
Let q(f) = f**2 + 10*f + 5. Let d be q(-11). Suppose 3 = -a + d. What is the tens digit of a?
1
Let g = -239 + 832. What is the tens digit of g?
9
Let v = -21 + 15. What is the tens digit of (-2253)/(-9) + -8 - (-2)/v?
4
Suppose 2*w = -14*w + 96. Let p = 3 + 3. What is the tens digit of 40/w*9/p?
1
Let t(l) = 4*l + 8. Let i = 82 + -78. What is the units digit of t(i)?
4
Suppose -2*i = -1 + 21. Let r = i - -13. Suppose 34 = w - l, -r*w + 11 = -5*l - 89. What is the units digit of w?
5
Suppose 0 = -3*t + 2*b - 3*b - 11, 7 = -t - b. What is the units digit of (2/(-2) - t)/